{"id":1530,"date":"2023-09-14T14:26:02","date_gmt":"2023-09-14T18:26:02","guid":{"rendered":"http:\/\/www.ieb.us\/es\/?post_type=proyectos&#038;p=1530"},"modified":"2025-07-10T11:52:34","modified_gmt":"2025-07-10T16:52:34","slug":"estudios-de-conexion-para-los-proyectos-valledupar-solar","status":"publish","type":"proyectos","link":"https:\/\/www.ieb.co\/es\/proyectos\/estudios-de-conexion-para-los-proyectos-valledupar-solar\/","title":{"rendered":"Estudios de Conexi\u00f3n para los proyectos Valledupar Solar I, Valledupar Solar II y Valledupar Solar III de 19.9 MW"},"template":"","projects-type":[39],"class_list":["post-1530","proyectos","type-proyectos","status-publish","hentry","projects-type-energia"],"acf":{"content":{"image":1060,"resume":"En el a\u00f1o 2022, IEB realiz\u00f3 los estudios de conexi\u00f3n para los proyectos Solares Valledupar I, Valledupar II y Valledupar III, con una capacidad de 19.9 MW cada uno, los cuales recibieron concepto aprobatorio por parte de la UPME en la asignaci\u00f3n de capacidad del ciclo 2022-2023.","description":"","details":{"place":"Colombia","location":"Valledupar - Cesar","customer":"Celsia","year":"2022"},"gallery":[{"image":1531},{"image":1532}],"seal_ods_title":"Este proyecto cumple con los siguientes sellos otorgados por la ODS:","sellos_ods":[{"image":639},{"image":636},{"image":1529}],"max_width_section":1440,"private_data":null}},"yoast_head":"<!-- This site is optimized with the Yoast SEO plugin v24.9 - https:\/\/yoast.com\/wordpress\/plugins\/seo\/ -->\n<title>Estudios de Conexi\u00f3n para los proyectos Valledupar Solar I, Valledupar Solar II y Valledupar Solar III de 19.9 MW - IEB<\/title>\n<meta name=\"robots\" content=\"index, follow, max-snippet:-1, max-image-preview:large, max-video-preview:-1\" \/>\n<link rel=\"canonical\" href=\"https:\/\/www.ieb.co\/es\/proyectos\/estudios-de-conexion-para-los-proyectos-valledupar-solar\/\" \/>\n<meta property=\"og:locale\" content=\"es_ES\" \/>\n<meta property=\"og:locale:alternate\" content=\"en_US\" \/>\n<meta property=\"og:type\" content=\"article\" \/>\n<meta property=\"og:title\" content=\"Estudios de Conexi\u00f3n para los proyectos Valledupar Solar I, Valledupar Solar II y Valledupar Solar III de 19.9 MW\" \/>\n<meta property=\"og:url\" content=\"https:\/\/www.ieb.co\/es\/proyectos\/estudios-de-conexion-para-los-proyectos-valledupar-solar\/\" \/>\n<meta property=\"og:site_name\" content=\"IEB\" \/>\n<meta property=\"article:modified_time\" content=\"2025-07-10T16:52:34+00:00\" \/>\n<meta name=\"twitter:card\" content=\"summary_large_image\" \/>\n<script type=\"application\/ld+json\" class=\"yoast-schema-graph\">{\"@context\":\"https:\/\/schema.org\",\"@graph\":[{\"@type\":\"WebPage\",\"@id\":\"https:\/\/www.ieb.co\/es\/proyectos\/estudios-de-conexion-para-los-proyectos-valledupar-solar\/\",\"url\":\"https:\/\/www.ieb.co\/es\/proyectos\/estudios-de-conexion-para-los-proyectos-valledupar-solar\/\",\"name\":\"Estudios de Conexi\u00f3n para los proyectos Valledupar Solar I, Valledupar Solar II y Valledupar Solar III de 19.9 MW\",\"isPartOf\":{\"@id\":\"https:\/\/72.167.143.239\/es\/#website\"},\"datePublished\":\"2023-09-14T18:26:02+00:00\",\"dateModified\":\"2025-07-10T16:52:34+00:00\",\"inLanguage\":\"es-CO\",\"potentialAction\":[{\"@type\":\"ReadAction\",\"target\":[\"https:\/\/www.ieb.co\/es\/proyectos\/estudios-de-conexion-para-los-proyectos-valledupar-solar\/\"]}]},{\"@type\":\"WebSite\",\"@id\":\"https:\/\/72.167.143.239\/es\/#website\",\"url\":\"https:\/\/72.167.143.239\/es\/\",\"name\":\"IEB\",\"description\":\"Bienvenidos a ieb - Ingenieria Especializada ... Proyectos Desarrollados. Colombia ... s\u00f3lidas con nuestros clientes que hacen de ieb su mejor aliado.\",\"potentialAction\":[{\"@type\":\"SearchAction\",\"target\":{\"@type\":\"EntryPoint\",\"urlTemplate\":\"https:\/\/72.167.143.239\/es\/?s={search_term_string}\"},\"query-input\":{\"@type\":\"PropertyValueSpecification\",\"valueRequired\":true,\"valueName\":\"search_term_string\"}}],\"inLanguage\":\"es-CO\"}]}<\/script>\n<!-- \/ Yoast SEO plugin. -->","yoast_head_json":{"title":"Estudios de Conexi\u00f3n para los proyectos Valledupar Solar I, Valledupar Solar II y Valledupar Solar III de 19.9 MW - IEB","robots":{"index":"index","follow":"follow","max-snippet":"max-snippet:-1","max-image-preview":"max-image-preview:large","max-video-preview":"max-video-preview:-1"},"canonical":"https:\/\/www.ieb.co\/es\/proyectos\/estudios-de-conexion-para-los-proyectos-valledupar-solar\/","og_locale":"es_ES","og_type":"article","og_title":"[:es]Estudios de Conexi\u00f3n para los proyectos Valledupar Solar I, Valledupar Solar II y Valledupar Solar III de 19.9 MW[:en]Connection Studies for the 19.9 MW Valledupar Solar I, Valledupar Solar II and Valledupar Solar III projects[:] - IEB","og_url":"https:\/\/www.ieb.co\/es\/proyectos\/estudios-de-conexion-para-los-proyectos-valledupar-solar\/","og_site_name":"IEB","article_modified_time":"2025-07-10T16:52:34+00:00","twitter_card":"summary_large_image","schema":{"@context":"https:\/\/schema.org","@graph":[{"@type":"WebPage","@id":"https:\/\/www.ieb.co\/es\/proyectos\/estudios-de-conexion-para-los-proyectos-valledupar-solar\/","url":"https:\/\/www.ieb.co\/es\/proyectos\/estudios-de-conexion-para-los-proyectos-valledupar-solar\/","name":"Estudios de Conexi\u00f3n para los proyectos Valledupar Solar I, Valledupar Solar II y Valledupar Solar III de 19.9 MW","isPartOf":{"@id":"https:\/\/72.167.143.239\/es\/#website"},"datePublished":"2023-09-14T18:26:02+00:00","dateModified":"2025-07-10T16:52:34+00:00","inLanguage":"es-CO","potentialAction":[{"@type":"ReadAction","target":["https:\/\/www.ieb.co\/es\/proyectos\/estudios-de-conexion-para-los-proyectos-valledupar-solar\/"]}]},{"@type":"WebSite","@id":"https:\/\/72.167.143.239\/es\/#website","url":"https:\/\/72.167.143.239\/es\/","name":"IEB","description":"Bienvenidos a ieb - Ingenieria Especializada ... Proyectos Desarrollados. Colombia ... s\u00f3lidas con nuestros clientes que hacen de ieb su mejor aliado.","potentialAction":[{"@type":"SearchAction","target":{"@type":"EntryPoint","urlTemplate":"https:\/\/72.167.143.239\/es\/?s={search_term_string}"},"query-input":{"@type":"PropertyValueSpecification","valueRequired":true,"valueName":"search_term_string"}}],"inLanguage":"es-CO"}]}},"_links":{"self":[{"href":"https:\/\/www.ieb.co\/es\/wp-json\/wp\/v2\/proyectos\/1530","targetHints":{"allow":["GET"]}}],"collection":[{"href":"https:\/\/www.ieb.co\/es\/wp-json\/wp\/v2\/proyectos"}],"about":[{"href":"https:\/\/www.ieb.co\/es\/wp-json\/wp\/v2\/types\/proyectos"}],"wp:attachment":[{"href":"https:\/\/www.ieb.co\/es\/wp-json\/wp\/v2\/media?parent=1530"}],"wp:term":[{"taxonomy":"projects-type","embeddable":true,"href":"https:\/\/www.ieb.co\/es\/wp-json\/wp\/v2\/projects-type?post=1530"}],"curies":[{"name":"wp","href":"https:\/\/api.w.org\/{rel}","templated":true}]}}

Estudios de Conexión para los proyectos Valledupar Solar I, Valledupar Solar II y Valledupar Solar III de 19.9 MW

En el año 2022, IEB realizó los estudios de conexión para los proyectos Solares Valledupar I, Valledupar II y Valledupar III, con una capacidad de 19.9 MW cada uno, los cuales recibieron concepto aprobatorio por parte de la UPME en la asignación de capacidad del ciclo 2022-2023.

<!-- This site is optimized with the Yoast SEO plugin v24.9 - https://yoast.com/wordpress/plugins/seo/ -->
<title>Estudios de Conexión para los proyectos Valledupar Solar I, Valledupar Solar II y Valledupar Solar III de 19.9 MW - IEB</title>
<meta name="robots" content="index, follow, max-snippet:-1, max-image-preview:large, max-video-preview:-1" />
<link rel="canonical" href="https://www.ieb.co/es/proyectos/estudios-de-conexion-para-los-proyectos-valledupar-solar/" />
<meta property="og:locale" content="es_ES" />
<meta property="og:locale:alternate" content="en_US" />
<meta property="og:type" content="article" />
<meta property="og:title" content="Estudios de Conexión para los proyectos Valledupar Solar I, Valledupar Solar II y Valledupar Solar III de 19.9 MW" />
<meta property="og:url" content="https://www.ieb.co/es/proyectos/estudios-de-conexion-para-los-proyectos-valledupar-solar/" />
<meta property="og:site_name" content="IEB" />
<meta property="article:modified_time" content="2025-07-10T16:52:34+00:00" />
<meta name="twitter:card" content="summary_large_image" />
<script type="application/ld+json" class="yoast-schema-graph">{"@context":"https://schema.org","@graph":[{"@type":"WebPage","@id":"https://www.ieb.co/es/proyectos/estudios-de-conexion-para-los-proyectos-valledupar-solar/","url":"https://www.ieb.co/es/proyectos/estudios-de-conexion-para-los-proyectos-valledupar-solar/","name":"Estudios de Conexión para los proyectos Valledupar Solar I, Valledupar Solar II y Valledupar Solar III de 19.9 MW","isPartOf":{"@id":"https://72.167.143.239/es/#website"},"datePublished":"2023-09-14T18:26:02+00:00","dateModified":"2025-07-10T16:52:34+00:00","inLanguage":"es-CO","potentialAction":[{"@type":"ReadAction","target":["https://www.ieb.co/es/proyectos/estudios-de-conexion-para-los-proyectos-valledupar-solar/"]}]},{"@type":"WebSite","@id":"https://72.167.143.239/es/#website","url":"https://72.167.143.239/es/","name":"IEB","description":"Bienvenidos a ieb - Ingenieria Especializada ... Proyectos Desarrollados. Colombia ... sólidas con nuestros clientes que hacen de ieb su mejor aliado.","potentialAction":[{"@type":"SearchAction","target":{"@type":"EntryPoint","urlTemplate":"https://72.167.143.239/es/?s={search_term_string}"},"query-input":{"@type":"PropertyValueSpecification","valueRequired":true,"valueName":"search_term_string"}}],"inLanguage":"es-CO"}]}</script>
<!-- / Yoast SEO plugin. -->

Estudios de Conexión para los proyectos Valledupar Solar I, Valledupar Solar II y Valledupar Solar III de 19.9 MW - IEB

[:es]Estudios de Conexión para los proyectos Valledupar Solar I, Valledupar Solar II y Valledupar Solar III de 19.9 MW[:en]Connection Studies for the 19.9 MW Valledupar Solar I, Valledupar Solar II and Valledupar Solar III projects[:] - IEB

Bienvenidos a ieb - Ingenieria Especializada ... Proyectos Desarrollados. Colombia ... sólidas con nuestros clientes que hacen de ieb su mejor aliado.
